{"id":15068,"date":"2022-11-14T21:52:08","date_gmt":"2022-11-14T20:52:08","guid":{"rendered":"http:\/\/www.radio-activ.com\/?page_id=15068"},"modified":"2022-11-14T21:52:08","modified_gmt":"2022-11-14T20:52:08","slug":"mentions-legales","status":"publish","type":"page","link":"https:\/\/www.radio-activ.com\/index.php\/mentions-legales\/","title":{"rendered":"Mentions l\u00e9gales"},"content":{"rendered":"<h3><strong>\u00c9diteur du Site :<\/strong><\/h3>\n<p>Association Radio Activ&rsquo;<br \/>\nAdresse : 13 rue des Freres Benoit 22360 Langueux<br \/>\nT\u00e9l\u00e9phone : 02 96 52 26 03<br \/>\nEmail : contact@radio-activ.com<br \/>\nSite Web : www.radio-activ.com<\/p>\n<h4>H\u00c9BERGEMENT<\/h4>\n<p><strong>OVH<\/strong><br \/>\n2 Rue Kellermann<br \/>\n59100 Roubaix<br \/>\n<a href=\"https:\/\/www.ovh.com\/\" target=\"_blank\" rel=\"noopener noreferrer\">www.ovh.com<\/a><\/p>\n<h4>PROPRI\u00c9T\u00c9 INTELLECTUELLE<\/h4>\n<p>Conform\u00e9ment au code de la Propri\u00e9t\u00e9 Intellectuelle et plus g\u00e9n\u00e9ralement \u00e0 tous les accords comportant des dispositions relatives au droit d&rsquo;auteur, la reproduction partielle ou totale de textes, d&rsquo;images ou d&rsquo;illustrations non destin\u00e9es explicitement \u00e0 \u00eatre t\u00e9l\u00e9charg\u00e9es par les visiteurs, sont interdites sans autorisation pr\u00e9alable de l&rsquo;\u00e9diteur ou de tout ayant-droit.<\/p>\n<h4>EXERCICE DU DROIT D&rsquo;ACC\u00c8S<\/h4>\n<p>Conform\u00e9ment \u00e0 l\u2019article 34 de la loi \u00ab\u00a0Informatique et Libert\u00e9s\u00a0\u00bb, vous disposez d\u2019un droit d&rsquo;acc\u00e8s, de modification, de rectification et de suppression des donn\u00e9es vous concernant. Pour exercer ce droit d&rsquo;acc\u00e8s, adressez\u2013vous \u00e0 l&rsquo;\u00e9diteur.<\/p>\n<p>Pour plus d\u2019informations sur la loi \u00ab Informatique et Libert\u00e9s \u00bb, vous pouvez consulter le site Internet de la <a href=\"http:\/\/www.cnil.fr\/\" target=\"_blank\" rel=\"noopener noreferrer\">CNIL<\/a>.<\/p>\n","protected":false},"excerpt":{"rendered":"<p>\u00c9diteur du Site : Association Radio Activ&rsquo; Adresse : 13 rue des Freres Benoit 22360 Langueux T\u00e9l\u00e9phone : 02 96 52 26<\/p>\n<p class=\"link-more\"><a class=\"myButt \" href=\"https:\/\/www.radio-activ.com\/index.php\/mentions-legales\/\">Read More<\/a><\/p>\n","protected":false},"author":1786,"featured_media":0,"parent":0,"menu_order":0,"comment_status":"closed","ping_status":"closed","template":"","meta":{"footnotes":""},"class_list":["post-15068","page","type-page","status-publish","hentry"],"_links":{"self":[{"href":"https:\/\/www.radio-activ.com\/index.php\/wp-json\/wp\/v2\/pages\/15068","targetHints":{"allow":["GET"]}}],"collection":[{"href":"https:\/\/www.radio-activ.com\/index.php\/wp-json\/wp\/v2\/pages"}],"about":[{"href":"https:\/\/www.radio-activ.com\/index.php\/wp-json\/wp\/v2\/types\/page"}],"author":[{"embeddable":true,"href":"https:\/\/www.radio-activ.com\/index.php\/wp-json\/wp\/v2\/users\/1786"}],"replies":[{"embeddable":true,"href":"https:\/\/www.radio-activ.com\/index.php\/wp-json\/wp\/v2\/comments?post=15068"}],"version-history":[{"count":1,"href":"https:\/\/www.radio-activ.com\/index.php\/wp-json\/wp\/v2\/pages\/15068\/revisions"}],"predecessor-version":[{"id":15069,"href":"https:\/\/www.radio-activ.com\/index.php\/wp-json\/wp\/v2\/pages\/15068\/revisions\/15069"}],"wp:attachment":[{"href":"https:\/\/www.radio-activ.com\/index.php\/wp-json\/wp\/v2\/media?parent=15068"}],"curies":[{"name":"wp","href":"https:\/\/api.w.org\/{rel}","templated":true}]}}

Mentions légales

<h3><strong>Éditeur du Site :</strong></h3>
<p>Association Radio Activ&rsquo;<br />
Adresse : 13 rue des Freres Benoit 22360 Langueux<br />
Téléphone : 02 96 52 26 03<br />
Email : contact@radio-activ.com<br />
Site Web : www.radio-activ.com</p>
<h4>HÉBERGEMENT</h4>
<p><strong>OVH</strong><br />
2 Rue Kellermann<br />
59100 Roubaix<br />
<a href="https://www.ovh.com/" target="_blank" rel="noopener noreferrer">www.ovh.com</a></p>
<h4>PROPRIÉTÉ INTELLECTUELLE</h4>
<p>Conformément au code de la Propriété Intellectuelle et plus généralement à tous les accords comportant des dispositions relatives au droit d&rsquo;auteur, la reproduction partielle ou totale de textes, d&rsquo;images ou d&rsquo;illustrations non destinées explicitement à être téléchargées par les visiteurs, sont interdites sans autorisation préalable de l&rsquo;éditeur ou de tout ayant-droit.</p>
<h4>EXERCICE DU DROIT D&rsquo;ACCÈS</h4>
<p>Conformément à l’article 34 de la loi « Informatique et Libertés », vous disposez d’un droit d&rsquo;accès, de modification, de rectification et de suppression des données vous concernant. Pour exercer ce droit d&rsquo;accès, adressez–vous à l&rsquo;éditeur.</p>
<p>Pour plus d’informations sur la loi « Informatique et Libertés », vous pouvez consulter le site Internet de la <a href="http://www.cnil.fr/" target="_blank" rel="noopener noreferrer">CNIL</a>.</p>

<p>Éditeur du Site : Association Radio Activ&rsquo; Adresse : 13 rue des Freres Benoit 22360 Langueux Téléphone : 02 96 52 26</p>
<p class="link-more"><a class="myButt " href="https://www.radio-activ.com/index.php/mentions-legales/">Read More</a></p>
