{"id":76,"date":"2015-05-29T16:27:01","date_gmt":"2015-05-29T15:27:01","guid":{"rendered":"http:\/\/localhost\/?page_id=76"},"modified":"2025-10-24T11:48:47","modified_gmt":"2025-10-24T10:48:47","slug":"la-team-activ","status":"publish","type":"page","link":"http:\/\/www.radio-activ.com\/index.php\/la-team-activ\/","title":{"rendered":"La Team Activ&rsquo;"},"content":{"rendered":"<p>Le bureau :<\/p>\n<p>Co-Pr\u00e9sidents : Yann Jab\u00e8s &#8211; Romain Le Gal<br \/>\nSecr\u00e9taire : Anna Lucas<br \/>\nTr\u00e9sorier : Emilien Moreau<\/p>\n<hr \/>\n<h2>Les salari\u00e9\u00b7e\u00b7s :<\/h2>\n<p>Coordinateur d&rsquo;antenne \/\u00a0Responsable Technique : Morvan David<\/p>\n<p>Animateur : Guirec<\/p>\n<p>Animateur \/ Programmateur : Marcus Mithouard<\/p>\n<p>Secr\u00e9taire : V\u00e9ronique Duplessy<\/p>\n<p>Service Civique : Corentin<\/p>\n<p>La Team Activ&rsquo; comprend \u00e9galement une cinquantaine de b\u00e9n\u00e9voles, qui animent leurs \u00e9missions, participent \u00e0 la vie de l&rsquo;association, sans qui rien ne serait possible. Merci \u00e0 eux.<\/p>\n<p>Contactez Radio Activ&rsquo; pour toute demande de renseignements, partenariats etc&#8230;<\/p>\n<p>Radio Activ&rsquo; &#8211; 13 Rue des Fr\u00e8res Benoit &#8211; 22360 Langueux<\/p>\n<p>02 96 52 26 03<\/p>\n<hr \/>\n<h2>Contacts :<\/h2>\n<p>Contact Prog Musicale: <a>marcus@radio-activ.com<\/a><\/p>\n<p>Contact Coordination : <a>coordination@radio-activ.com<\/a><\/p>\n<p>Contact Secr\u00e9tariat : <a>secretariat@radio-activ.com<\/a><\/p>\n<p>Contact Technique : <a>technique@radio-activ.com<\/a><\/p>\n<p><a style=\"font-family: var( --e-global-typography-text-font-family ), Sans-serif; font-weight: var( --e-global-typography-text-font-weight ); background-color: #f7f7f9;\">Contact Pr\u00e9sidence Association\u00a0: presidence@radio-activ.com<\/a><\/p>\n","protected":false},"excerpt":{"rendered":"<p>Le bureau : Co-Pr\u00e9sidents : Yann Jab\u00e8s &#8211; Romain Le Gal Secr\u00e9taire : Anna Lucas Tr\u00e9sorier : Emilien Moreau Les salari\u00e9\u00b7e\u00b7s :<\/p>\n<p class=\"link-more\"><a class=\"myButt \" href=\"http:\/\/www.radio-activ.com\/index.php\/la-team-activ\/\">Read More<\/a><\/p>\n","protected":false},"author":1,"featured_media":0,"parent":0,"menu_order":0,"comment_status":"open","ping_status":"open","template":"","meta":{"footnotes":""},"class_list":["post-76","page","type-page","status-publish","hentry"],"_links":{"self":[{"href":"http:\/\/www.radio-activ.com\/index.php\/wp-json\/wp\/v2\/pages\/76","targetHints":{"allow":["GET"]}}],"collection":[{"href":"http:\/\/www.radio-activ.com\/index.php\/wp-json\/wp\/v2\/pages"}],"about":[{"href":"http:\/\/www.radio-activ.com\/index.php\/wp-json\/wp\/v2\/types\/page"}],"author":[{"embeddable":true,"href":"http:\/\/www.radio-activ.com\/index.php\/wp-json\/wp\/v2\/users\/1"}],"replies":[{"embeddable":true,"href":"http:\/\/www.radio-activ.com\/index.php\/wp-json\/wp\/v2\/comments?post=76"}],"version-history":[{"count":42,"href":"http:\/\/www.radio-activ.com\/index.php\/wp-json\/wp\/v2\/pages\/76\/revisions"}],"predecessor-version":[{"id":23465,"href":"http:\/\/www.radio-activ.com\/index.php\/wp-json\/wp\/v2\/pages\/76\/revisions\/23465"}],"wp:attachment":[{"href":"http:\/\/www.radio-activ.com\/index.php\/wp-json\/wp\/v2\/media?parent=76"}],"curies":[{"name":"wp","href":"https:\/\/api.w.org\/{rel}","templated":true}]}}

<p>Le bureau :</p>
<p>Co-Présidents : Yann Jabès &#8211; Romain Le Gal<br />
Secrétaire : Anna Lucas<br />
Trésorier : Emilien Moreau</p>
<hr />
<h2>Les salarié·e·s :</h2>
<p>Coordinateur d&rsquo;antenne / Responsable Technique : Morvan David</p>
<p>Animateur : Guirec</p>
<p>Animateur / Programmateur : Marcus Mithouard</p>
<p>Secrétaire : Véronique Duplessy</p>
<p>Service Civique : Corentin</p>
<p>La Team Activ&rsquo; comprend également une cinquantaine de bénévoles, qui animent leurs émissions, participent à la vie de l&rsquo;association, sans qui rien ne serait possible. Merci à eux.</p>
<p>Contactez Radio Activ&rsquo; pour toute demande de renseignements, partenariats etc&#8230;</p>
<p>Radio Activ&rsquo; &#8211; 13 Rue des Frères Benoit &#8211; 22360 Langueux</p>
<p>02 96 52 26 03</p>
<hr />
<h2>Contacts :</h2>
<p>Contact Prog Musicale: <a>marcus@radio-activ.com</a></p>
<p>Contact Coordination : <a>coordination@radio-activ.com</a></p>
<p>Contact Secrétariat : <a>secretariat@radio-activ.com</a></p>
<p>Contact Technique : <a>technique@radio-activ.com</a></p>
<p><a style="font-family: var( --e-global-typography-text-font-family ), Sans-serif; font-weight: var( --e-global-typography-text-font-weight ); background-color: #f7f7f9;">Contact Présidence Association : presidence@radio-activ.com</a></p>

<p>Le bureau : Co-Présidents : Yann Jabès &#8211; Romain Le Gal Secrétaire : Anna Lucas Trésorier : Emilien Moreau Les salarié·e·s :</p>
<p class="link-more"><a class="myButt " href="http://www.radio-activ.com/index.php/la-team-activ/">Read More</a></p>
